= 192 + 140. Suppose g = 2*g + x. What is the remainder when 2*g/16*-2 is divided by 21?
20
What is the remainder when 131 is divided by (-4878)/(-126) + (-6)/(-21)?
14
Suppose -164 = -4*p - 2*h, 4*p - 30 = 3*p + 5*h. What is the remainder when p is divided by 2?
0
Suppose -4*t + 10 = -l + 24, 0 = -3*t - 4*l - 20. Let m(f) = -8*f - 7. What is the remainder when 49 is divided by m(t)?
24
Let z(a) = 36*a. Suppose -45 = -9*n + 90. What is the remainder when z(1) is divided by n?
6
Suppose 4*n + 5 = 3*x, 0*n + 2*n = -4*x - 30. Let u(m) = 4*m**2 + 10*m - 1. What is the remainder when u(x) is divided by 18?
13
Suppose 23*o = 29*o - 4080. What is the remainder when o is divided by 22?
20
Suppose 3*c + c + 56 = 0. Suppose 0 = -v - 13 + 15. Calculate the remainder when (-4)/c - (-114)/42 is divided by v.
1
Let b = 57 + -27. Let z = 270 - 155. Calculate the remainder when z is divided by b.
25
Suppose -142 = 46*d - 257 - 299. Let h(l) = -l - 4. Let p be h(4). Let r = p - -25. What is the remainder when r is divided by d?
8
Let g(a) = -a**3 + 3*a**2 + 2. Let b be g(3). Suppose -b*z + 30 = 26. Let j(d) = d**3 + 3*d**2 + d. What is the remainder when z is divided by j(-2)?
0
Let o(y) = -4*y + 1. Let b be 3/(-12) + 70/(-8). Let t be (b/15 - -1)*-25. What is the remainder when o(t) is divided by 14?
13
Let j = -22 - 300. Let y = -222 - j. What is the remainder when y is divided by 34?
32
Let t = 620 - 603. What is the remainder when t is divided by 11?
6
Let y = -4 + -54. Let u(j) = 87*j**2 + 3*j + 4. Let d be u(-1). Let p = y + d. Calculate the remainder when p is divided by 8.
6
Let m(z) = -z**3 - 7*z**2 + 4*z - 7. Let v be 1/(4/(-48)) - -4. Calculate the remainder when 7/(-4)*7*v is divided by m(-8).
23
Let w(z) = 4*z - 5. Let d = -7 - -10. Suppose -3*f - 3*q - 2*q = -32, 5*q + 22 = d*f. What is the remainder when w(f) is divided by 17?
14
Let d be (-7)/(-2) + (-9)/6. Suppose -d*b + 26 = -b. Let h = b + -5. Calculate the remainder when h is divided by 11.
10
What is the remainder when 2/((-740)/(-92) - 8) is divided by 17?
12
Let a(k) = k**3 - 7*k**2 - 8*k + 1. Let z be a(8). Suppose z = h - 3. Calculate the remainder when (30/(-15))/(h/(-102)) is divided by 13.
12
Suppose 0 = 3*a - 5*n - 527, 841 = 5*a - 0*n + n. Let o(s) = 45*s - 677. Calculate the remainder when a is divided by o(16).
40
Let w(x) = x**3 - 2*x**2 + 2*x + 14. What is the remainder when 122 is divided by w(3)?
6
Suppose -5*s - 30 = -8*s. Let g be 7279/(-5) - 2/s. Calculate the remainder when (-1)/3 + g/(-21) is divided by 18.
15
Suppose -3*d + 82 = 5*x, 10*x = 11*x + 3*d - 14. What is the remainder when 77 is divided by x?
9
Let t = -779 - -899. Calculate the remainder when 252 is divided by t.
12
Suppose -11*q = -13*q + 42. Let w = 177 + -121. Calculate the remainder when w is divided by q.
14
Let g(u) = -2*u - 5. Let s be g(-10). Let r(w) = w**2 - 17*w + 22. Let j be r(s). Calculate the remainder when 19 is divided by (0 - j) + (-22)/22.
5
Let t(r) = -r**2 + 2*r + 19. Calculate the remainder when 56 is divided by t(0).
18
Let p = -878 + 1039. Calculate the remainder when p is divided by 44.
29
Let b = 678 - 587. Calculate the remainder when b is divided by 8.
3
Suppose d = -r + 6*r + 167, 0 = -3*d + 6. Let p = r - -37. What is the remainder when 8 is divided by p?
0
Let m be ((-2)/(-6))/(2/222). Suppose 3*v + 2*a + 2*a = 13, -a - m = -5*v. Let i(y) = y**2 + 2*y - 24. Calculate the remainder when i(-8) is divided by v.
3
Let s(p) = -p**3 - 16*p**2 - 30*p + 12. Calculate the remainder when -2 - (-3 + 0)*26 is divided by s(-14).
36
Let m(i) = -47*i**2 - 2*i - 2. Let l be m(-1). Let x = l + 65. Calculate the remainder when x is divided by (-1 + 0)*(0 - 7).
4
Let j(k) = -37*k - 6. Let p be j(-8). Suppose 0 = 5*d - 5*t - p, 3*d - 184 = -2*t + 7*t. What is the remainder when d is divided by 11?
9
Let j = -11000 + 11037. Let r(y) = 3*y**3 - 2*y**2 + 1. Let g be r(1). What is the remainder when j is divided by 1/((-1*g)/(-16))?
5
Let w = -36 + 41. Suppose d = -w*l + 118, 4*l - 4*d - 33 = 47. Calculate the remainder when l is divided by 7.
2
Suppose 19 + 35 = -3*l. Calculate the remainder when (-3)/(l/50)*3 is divided by 10/(-4)*(-84)/15.
11
Let s = -7 - -21. Let p = -9 - -9. Let d = 39 + p. Calculate the remainder when d is divided by s.
11
Suppose 0 = 3*n + 5*w - 22, n + w = -0 + 4. Let b(k) = 30*k**2 - k - 1. Calculate the remainder when b(n) is divided by 17.
13
Let n be ((-2)/5)/(5/150). Let w be n/((-2)/(0 + 2)). Suppose s - 42 - w = 0. What is the remainder when s is divided by 28?
26
Calculate the remainder when (4 - -59)*(-2)/((-2)/1) is divided by 37.
26
Let o = 12 - 10. Suppose o*w - 10 = -m + 4*w, -2*w - 10 = 3*m. Suppose m*d + 30 = d. What is the remainder when d is divided by 8?
6
Let g(k) = 4*k**2 + k + 1. Let p be -2 + (-2)/4*0. What is the remainder when 54 is divided by g(p)?
9
Let t(f) = -2*f**3 - 6*f**2 - f - 7. Let k = -32 - -27. Calculate the remainder when t(k) is divided by 20.
18
Let y(w) = -w**3 + 13*w**2 + 13*w - 3. Let b(j) = j**2 + j + 1. Let c(v) = -5*b(v) - y(v). Calculate the remainder when c(19) is divided by 8.
1
Let u(m) = m**3 + 6*m**2 - 3. Let l be u(-6). Let o = 19 - l. Calculate the remainder when 153 is divided by o.
21
Let g(b) = b**2 + 45. Let t be g(0). Let h = t + -35. Let y = -6 + h. Calculate the remainder when 14 is divided by y.
2
Let v = 77 + -76. Let n(p) = -p**2 + 24. What is the remainder when n(0) is divided by ((-36)/(-2))/(v + (0 - -1))?
6
Suppose -468 = 669*q - 673*q. Calculate the remainder when 2105 is divided by q.
116
Let z = -6 + 38. Suppose -3*m = -0*m - 18. Suppose z = 2*h + c, 2*h + 54 = m*h - 3*c. Calculate the remainder when h is divided by 4.
3
Let k = -16 + 26. Let c = k + -6. What is the remainder when 9 is divided by c?
1
Let o = 108 + -94. Calculate the remainder when o is divided by 8.
6
Let f(s) = s**3 + s**2 + 34. Let u be f(0). Let l = -37 - -88. Suppose -2*n = 2*c - u, l + 61 = 5*n - 4*c. Calculate the remainder when 36 is divided by n.
16
Suppose 3*s - 4*f - 265 = -2*s, 2*s = 4*f + 118. Let y be (141 - 1)/2 - 2. Suppose -3*n - y = -7*n. Calculate the remainder when s is divided by n.
15
Let h = -27 + 43. Let v = h - 3. Calculate the remainder when v is divided by 7.
6
Let g(m) = m + 1. Let z be g(1). Let j = -185 - -290. Suppose v + 0*v + z*w = j, -2*v = 3*w - 205. Calculate the remainder when v is divided by 24.
23
Let x(m) = -4*m - 3 + 4*m + 2*m**2 + m. Let t = -8 - -5. What is the remainder when x(t) is divided by 7?
5
Suppose -b - 4 = -20. Calculate the remainder when b is divided by 6.
4
Let n = -164 - -188. Calculate the remainder when 66 is divided by n.
18
Suppose n + t + 3*t = -35, -4*t + 127 = -5*n. Let b = -607 + 568. Let i = n - b. What is the remainder when 35 is divided by i?
11
Let o(k) = -28*k**2 + 4*k - 2. Let u be o(2). Let p = -74 - u. Calculate the remainder when 94 is divided by p.
30
Suppose -6*s + 312 = -0*s. Suppose -5*h + s = -h - 4*r, 2*h - r = 31. Let z = 2 + 32. Calculate the remainder when z is divided by h.
16
Suppose -z - 5*i + 443 = 3*z, 5*z - 5*i = 610. What is the remainder when z is divided by 20?
17
Suppose 4*f + 16 = 0, 173 = q - 3*f + 27. Calculate the remainder when q is divided by 44.
2
Let n = -73 + -43. Let w = -45 - n. Suppose 11*p - 14*p + 54 = 0. What is the remainder when w is divided by p?
17
Let a = 188 + -139. Suppose t + 3*t - 45 = -5*m, 0 = -t + 2*m + 8. What is the remainder when a is divided by t?
9
Let s = -266 + 293. What is the remainder when s is divided by 4?
3
Suppose 436 + 252 = 16*k. Calculate the remainder when 122 is divided by k.
36
Suppose 5*p = o - 4*o + 50, 2*o = -4*p + 34. Let h = o + 2. Calculate the remainder when 150 is divided by h.
14
Suppose -79 - 274 = -5*o - b, -4*b + 205 = 3*o. What is the remainder when 283 is divided by o?
70
Let l = 32 + -26. What is the remainder when 32 is divided by 242/33*l/4?
10
Suppose -2*w - 4 = 0, -4*g + w = -g - 8. Let q(y) = 2 - y**2 + 2*y + 3*y**3 - 2*y**2 + 0. Calculate the remainder when 71 is divided by q(g).
17
Suppose 0 = -3*t + j + 48, 3*t - 66 = -6*j + j. Calculate the remainder when 17 is divided by t.
0
Let o(u) = 3*u + 13. Suppose 4*w - 11*w + 21 = 0. Calculate the remainder when w is divided by o(-4